{"id":4230,"date":"2026-05-12T01:35:05","date_gmt":"2026-05-11T23:35:05","guid":{"rendered":"https:\/\/budduck.clientedigital.com.ar\/index.php\/producto\/8m-express-cera-natural-x-5-l\/"},"modified":"2026-05-12T16:12:26","modified_gmt":"2026-05-12T14:12:26","slug":"8m-express-cera-natural-x-5-l","status":"publish","type":"product","link":"https:\/\/budduck.clientedigital.com.ar\/index.php\/producto\/8m-express-cera-natural-x-5-l\/","title":{"rendered":"8M EXPRESS CERA NATURAL X 5 L."},"content":{"rendered":"<p>La cera 8m Incolora Express es adecuada para una variedad de superficies, incluyendo pisos de vinilo, lin\u00f3leo y baldosas. Su composici\u00f3n est\u00e1 dise\u00f1ada para proteger los suelos de la suciedad y el desgaste diario, manteniendo el brillo y facilitando la limpieza posterior.<\/p>\n<p>Excelente autobrillo: Secado r\u00e1pido con brillo instant\u00e1neo formando una pel\u00edcula dura y<br \/>\nautobrillante sin necesidad de lustrar y resaltando el color natural tanto de pisos duros como flexibles.<\/p>\n<p>M\u00e1xima durabilidad y brillo al m\u00e1s bajo costo: Muy buena resistencia al tr\u00e1nsito, con pel\u00edcula flexible resistente<br \/>\na rayas y marcas y f\u00e1cilmente restaurable por lustrado de bajas revoluciones (165 \u2013 300 rpm).<\/p>\n<p>Recomendada para pisos de encerado frecuente: Excelente adherencia sobre todo tipo de pisos en interiores, ya sean duros o sint\u00e9ticos. Ideal para aplicar sobre cer\u00e1micos, mosaicos gran\u00edticos, vin\u00edlicos, lajas, goma, cemento alisado, etc.<\/p>\n<p>Alto rendimiento: Posee un poder cubritivo de 60 \u2013 70 m2 \/ litro dependiendo de la porosidad del piso<\/p>\n","protected":false},"excerpt":{"rendered":"<p>Alto rendimiento: Posee un poder cubritivo de 60 \u2013 70 m2 \/ litro dependiendo de la porosidad del piso<\/p>\n","protected":false},"featured_media":4633,"template":"","meta":[],"product_brand":[36],"product_cat":[15],"product_tag":[],"class_list":{"0":"post-4230","1":"product","2":"type-product","3":"status-publish","4":"has-post-thumbnail","6":"product_brand-diversey","7":"product_cat-limpieza","9":"first","10":"instock","11":"taxable","12":"shipping-taxable","13":"purchasable","14":"product-type-simple"},"_links":{"self":[{"href":"https:\/\/budduck.clientedigital.com.ar\/index.php\/wp-json\/wp\/v2\/product\/4230","targetHints":{"allow":["GET"]}}],"collection":[{"href":"https:\/\/budduck.clientedigital.com.ar\/index.php\/wp-json\/wp\/v2\/product"}],"about":[{"href":"https:\/\/budduck.clientedigital.com.ar\/index.php\/wp-json\/wp\/v2\/types\/product"}],"wp:featuredmedia":[{"embeddable":true,"href":"https:\/\/budduck.clientedigital.com.ar\/index.php\/wp-json\/wp\/v2\/media\/4633"}],"wp:attachment":[{"href":"https:\/\/budduck.clientedigital.com.ar\/index.php\/wp-json\/wp\/v2\/media?parent=4230"}],"wp:term":[{"taxonomy":"product_brand","embeddable":true,"href":"https:\/\/budduck.clientedigital.com.ar\/index.php\/wp-json\/wp\/v2\/product_brand?post=4230"},{"taxonomy":"product_cat","embeddable":true,"href":"https:\/\/budduck.clientedigital.com.ar\/index.php\/wp-json\/wp\/v2\/product_cat?post=4230"},{"taxonomy":"product_tag","embeddable":true,"href":"https:\/\/budduck.clientedigital.com.ar\/index.php\/wp-json\/wp\/v2\/product_tag?post=4230"}],"curies":[{"name":"wp","href":"https:\/\/api.w.org\/{rel}","templated":true}]}}